rs of 1369557901?
137, 373, 26801
List the prime factors of 74502154.
2, 19, 109, 17987
What are the prime factors of 168332644?
2, 5557, 7573
What are the prime factors of 3774742?
2, 947, 1993
List the prime factors of 1935075955.
5, 31, 3163, 3947
List the prime factors of 32697798.
2, 3, 7, 111217
List the prime factors of 97458486.
2, 3, 19, 854899
List the prime factors of 755921195.
5, 151184239
List the prime factors of 66208979.
66208979
List the prime factors of 271367020.
2, 5, 2063, 6577
List the prime factors of 561579574.
2, 11437, 24551
What are the prime factors of 27734131?
1459, 19009
What are the prime factors of 99093026?
2, 49546513
What are the prime factors of 3076082051?
7, 17, 167, 154787
List the prime factors of 2912081393.
13, 224006261
What are the prime factors of 1801941822?
2, 3, 33369293
What are the prime factors of 1164988928?
2, 29, 31, 2531
What are the prime factors of 32837515?
5, 41, 160183
What are the prime factors of 99365108?
2, 24841277
What are the prime factors of 2277089783?
16069, 141707
What are the prime factors of 388782210?
2, 3, 5, 12959407
List the prime factors of 465577716.
2, 3, 29, 31, 103, 419
What are the prime factors of 9295220052?
2, 3, 19, 715237
What are the prime factors of 20698191?
3, 223, 10313
List the prime factors of 488754005.
5, 19, 1327, 3877
What are the prime factors of 524297903?
23, 22795561
List the prime factors of 92333971.
92333971
List the prime factors of 733526860.
2, 5, 11, 103, 32371
List the prime factors of 395291799.
3, 7, 59, 35449
What are the prime factors of 29124483?
3, 1721, 5641
List the prime factors of 51363763.
11, 257, 18169
List the prime factors of 148410404.
2, 37, 1002773
List the prime factors of 3234016.
2, 101063
What are the prime factors of 6356588781?
3, 31, 83, 823499
List the prime factors of 1631408286.
2, 3, 19, 41, 349039
List the prime factors of 1945049257.
23, 2141, 39499
What are the prime factors of 17178121?
29, 167, 3547
List the prime factors of 1296206242.
2, 17, 313, 349
What are the prime factors of 19261500?
2, 3, 5, 12841
List the prime factors of 180259710.
2, 3, 5, 89, 181, 373
What are the prime factors of 114889323?
3, 38296441
What are the prime factors of 354234705?
3, 5, 11, 461, 4657
What are the prime factors of 4629879?
3, 29, 73
What are the prime factors of 3703577?
151, 24527
List the prime factors of 357426477.
3, 173, 229561
List the prime factors of 207931769.
29, 347, 20663
List the prime factors of 1161905805.
3, 5, 25820129
List the prime factors of 282084673.
13, 23, 67, 14081
What are the prime factors of 5174642165?
5, 7, 11, 643, 20903
What are the prime factors of 2694723?
3, 898241
List the prime factors of 162601083.
3, 2851, 6337
What are the prime factors of 270903885?
3, 5, 7, 31, 83227
List the prime factors of 1344946563.
3, 31, 149, 32353
List the prime factors of 46125724.
2, 11531431
List the prime factors of 1318034103.
3, 4057, 108293
List the prime factors of 105567059.
13, 17, 19, 31, 811
What are the prime factors of 1789579891?
11, 43, 3783467
What are the prime factors of 1580840972?
2, 395210243
List the prime factors of 700757611.
691, 1014121
List the prime factors of 67781400.
2, 3, 5, 173, 653
What are the prime factors of 58210714?
2, 29, 61, 16453
What are the prime factors of 52407948?
2, 3, 4367329
List the prime factors of 523850715.
3, 5, 1777, 6551
List the prime factors of 4906967197.
11, 379, 727, 1619
List the prime factors of 18318840.
2, 3, 5, 152657
List the prime factors of 4380746101.
139, 31516159
List the prime factors of 282500535.
3, 5, 101, 186469
List the prime factors of 37932080.
2, 5, 474151
What are the prime factors of 362808580?
2, 5, 71, 255499
List the prime factors of 126390466.
2, 63195233
List the prime factors of 196110455.
5, 103, 380797
What are the prime factors of 371003694?
2, 3, 61833949
What are the prime factors of 98870219?
7, 2803, 5039
List the prime factors of 6444566523.
3, 238687649
List the prime factors of 128239443.
3, 1583203
List the prime factors of 112591275.
3, 5, 1501217
What are the prime factors of 16284506?
2, 7, 23, 103, 491
What are the prime factors of 73533909?
3, 3583, 6841
List the prime factors of 62764072.
2, 7, 1120787
What are the prime factors of 950919344?
2, 17, 227, 15401
What are the prime factors of 224141356?
2, 401, 139739
List the prime factors of 469808113.
469808113
What are the prime factors of 79194596?
2, 13, 1522973
What are the prime factors of 1495217538?
2, 3, 83067641
What are the prime factors of 2271948601?
13, 10159, 17203
What are the prime factors of 88189220?
2, 5, 7, 89989
List the prime factors of 76232955.
3, 5, 229, 22193
What are the prime factors of 191596334?
2, 691, 138637
List the prime factors of 814851609.
3, 11, 13, 1899421
List the prime factors of 1671781606.
2, 11, 43, 1767211
List the prime factors of 102569023.
107, 137, 6997
List the prime factors of 1805709856.
2, 271, 208223
List the prime factors of 928242424.
2, 31, 53, 70621
List the prime factors of 898011969.
3, 299337323
List the prime factors of 2214550.
2, 5, 13, 3407
What are the prime factors of 742910714?
2, 7, 13, 233, 17519
List the prime factors of 433885866.
2, 3, 17, 73, 58271
What are the prime factors of 86990277?
3, 11, 823, 3203
List the prime factors of 370557146.
2, 37, 5007529
List the prime factors of 139017570.
2, 3, 5, 59, 78541
What are the prime factors of 36950496?
2, 3, 11, 3181
List the prime factors of 262674228.
2, 3, 29, 754811
What are the prime factors of 3989938627?
2011, 1984057
List the prime factors of 11125746.
2, 3, 47, 13151
List the prime factors of 47343504.
2, 3, 13, 17, 4463
List the prime factors of 157325499.
3, 907, 19273
What are the prime factors of 502278301?
7, 23, 719, 4339
List the prime factors of 290587757.
647, 449131
What are the prime factors of 269463772?
2, 3631, 18553
What are the prime factors of 94363866?
2, 3, 313, 1861
List the prime factors of 2133787822.
2, 11887, 89753
What are the prime factors of 686958693?
3, 89, 673, 3823
List the prime factors of 47659530.
2, 3, 5, 953, 1667
What are the prime factors of 383668204?
2, 95917051
What are the prime factors of 3002142896?
2, 23, 263, 31019
List the prime factors of 120858099.
3, 40286033
List the prime factors of 149878763.
367, 408389
What are the prime factors of 55828262?
2, 7, 3987733
List the prime factors of 29369585.
5, 7, 839131
List the prime factors of 236054791.
7, 4091, 8243
List the prime factors of 381583310.
2, 5, 41, 167, 5573
List the prime factors of 3693254465.
5, 317, 1487, 1567
What are the prime factors of 55894780?
2, 5, 2794739
List the prime factors of 6758948.
2, 7, 241391
List the prime factors of 226227424.
2, 7069607
List the prime factors of 5484356503.
5484356503
List the prime factors of 33801505.
5, 2531, 2671
List the prime factors of 278755244.
2, 69688811
What are the prime factors of 804626235?
3, 5, 7, 17, 31, 37, 131
List the prime factors of 140458516.
2, 11, 23, 138793
List the prime factors of 224207283.
3, 31, 2410831
What are the prime factors of 8296852422?
2, 3, 23, 7451, 8069
List the prime factors of 581008631.
7, 53, 409, 547
List the prime factors of 33375109.
33375109
List the prime factors of 2772267264.
2, 3, 13, 92557
What are the prime factors of 1718842871?
31771, 54101
What are the prime factors of 695925740?
2, 5, 139, 167, 1499
List the prime factors of 69160565.
5, 73, 89, 2129
List the prime factors of 807047956.
2, 11, 13, 1410923
What are the prime factors of 22858761?
3, 17, 523, 857
List the prime factors of 989170000.
2, 5, 7, 13, 1087
List the prime factors of 644876212.
2, 181, 599, 1487
What are the prime factors of 3148971318?
2, 3, 174942851
List the prime factors of 3587301042.
2, 3, 13, 19, 127399
List the prime factors of 67256309.
4133, 16273
What are the prime factors of 73369781?
73369781
What are the prime factors of 25653505?
5, 5130701
What are the prime factors of 725835026?
2, 7, 17, 29, 103, 1021
What are the prime factors of 297505069?
23, 12935003
List the prime factors of 1504910376.
2, 3, 31, 127, 5309
What are the prime factors of 354279754?
2, 177139877
List the prime factors of 29299794.
2, 3, 